ime factors of s?
2, 3
List the prime factors of 37377/24 - -1 - (-96)/(-256).
2, 19, 41
Let b = 13 - -27. Suppose 0 = 3*g - b + 13. Let o(r) = -r**3 + 10*r**2 - 7*r - 12. What are the prime factors of o(g)?
2, 3
Let z(h) = -h**3 + 15*h**2 - 18*h - 11. Let f be z(14). Let c = 48 + f. Let a = c + 54. What are the prime factors of a?
5, 7
Let b = -35 - -31. Let p(x) = 2*x**2 - 5*x - 3. What are the prime factors of p(b)?
7
Let o(m) = m**3 - 23*m**2 - 21*m + 20. What are the prime factors of o(25)?
5, 149
Let l(w) = w + 1. Let n be l(-4). Let r be (2 - -10)/(-4) - n. Let t = 4 - r. List the prime factors of t.
2
Let o(x) = -x**2 + 5*x - 2. Let q be o(4). Suppose 0 = f - 3*u - 70, 3*u + 78 = f + q*u. List the prime factors of f.
2, 41
Suppose 0 = 14*d - 11*d - 150. What are the prime factors of d?
2, 5
Suppose t - 5*t = 2*w - 2, -4*w = 5*t - 7. Suppose w*y - 100 - 77 = 0. What are the prime factors of y?
59
Let q(b) = -b**2 + 7*b + 1. Let w be q(8). Let a(y) = -6*y + 10. Let u(f) = f**2 + f. Let t(c) = -a(c) + 2*u(c). List the prime factors of t(w).
2
Let s(w) = -w + 1. Let g = -9 - -12. Let h be s(g). What are the prime factors of (-248)/(-10) - h/10?
5
Let t = -177 - -363. List the prime factors of 88/22 + (t - -1).
191
What are the prime factors of ((-56)/(-32))/((3/(-5232))/(-1))?
2, 7, 109
Let g = -98 - -125. Suppose -29*c + g*c = -464. List the prime factors of c.
2, 29
Let k = -59 + 78. Suppose 16 = -5*o - 0*f + 4*f, -3*o + 5*f = 7. List the prime factors of k*2/(o/(-2)).
19
Suppose -3*n = -2*p - 491, 4*n + 3*p - 4*p - 648 = 0. List the prime factors of n.
7, 23
Let y(i) = 2*i**2 + 30*i + 145. What are the prime factors of y(-23)?
3, 19
Let c(d) = 233*d + 28. Let u be c(4). Suppose u + 924 = 6*j. List the prime factors of j.
2, 157
Let s be -1*4*1227/(-12). Suppose s = 7*r - 375. List the prime factors of r.
2, 7
Suppose -15*b + 5*b + 390 = 0. Suppose b*k = 37*k + 270. What are the prime factors of k?
3, 5
Let i(t) = -3*t - 14. Let m be i(-6). Suppose j + 4*s = -m*j + 4, 0 = -2*j - 2*s. Let o = j + 3. What are the prime factors of o?
7
What are the prime factors of (7 + -2)*-1 + (1313 - 6)?
2, 3, 7, 31
Let s(f) = -72*f + 4. Let x(g) = -3*g + 5. Let a be x(2). List the prime factors of s(a).
2, 19
Suppose 0 = -5*o + 11*o - 93912. What are the prime factors of o/129 + 0 + (-2)/(-3)?
2, 61
Let t(w) = w**3 - 11*w**2 + 10*w + 2. Let n be t(10). Suppose -n*m + 104 = -66. List the prime factors of m.
5, 17
Suppose 5*j = -13 - 12. List the prime factors of (-1644)/(-4)*j/(-15).
137
Suppose -3*q + 7863 = i, 3*q - 5*i = 13291 - 5428. List the prime factors of q.
2621
Let j(h) = -h - 4. Let t be j(-2). What are the prime factors of 2/10*t/((-4)/1990)?
199
List the prime factors of 8 + (-11640)/(-28) - 4/(-14).
2, 53
Let c = 30 - -554. What are the prime factors of c?
2, 73
Let z be (-8661)/(-27) + (3 - (-50)/(-18)). Suppose 4*t - z = -4*v + t, 2*v + 3*t = 165. What are the prime factors of v?
2, 3, 13
Let w be (-4)/(-8) + (-4)/8. Let y(g) = -3*g + 2*g + 7 + 13 - 2*g**2. What are the prime factors of y(w)?
2, 5
Let f = 1134 + -700. What are the prime factors of f?
2, 7, 31
Let b(t) = t**2 + 14*t - 39. List the prime factors of b(6).
3
Let o(u) = -8 + 4*u + 3 + 4*u**2 - 3*u**2. Let s be o(6). Suppose 5*k - s = 30. What are the prime factors of k?
17
Let j(u) = -u - 2. Let g be j(-5). Suppose 45 - 207 = -g*s. What are the prime factors of s?
2, 3
Let k(s) = -2*s**3 - 8*s**2 - 16*s - 16. What are the prime factors of k(-7)?
2, 3, 5, 13
Suppose 6*y - 8*y = 0. Let l be 180/(-21)*(-14)/2. Suppose y = -2*g - 3*g + l. What are the prime factors of g?
2, 3
Let s = 140 + 1222. List the prime factors of s.
2, 3, 227
Let y(b) = b**2 + 7*b - 6. Let j be y(-8). Suppose -2*c = -5*d - 6, -6*c + 12 = 2*d - j*c. Suppose 0 = -3*x - d*x + 48. What are the prime factors of x?
2
Let h = 250 + -49. List the prime factors of h.
3, 67
Suppose 2*p - 5*x + 91 = -50, 2*x - 242 = 4*p. Let g = p + 116. What are the prime factors of g?
2, 29
Let k be (-2)/(-5) - (-184)/40. Suppose 0 = -5*l - 2*v - 67, 26 = -k*l - 3*v - 37. List the prime factors of (l/6 - -2)*-34.
17
Let t = 839 + -80. What are the prime factors of t?
3, 11, 23
Suppose z = -z + 16. Let x(a) = 13*a**3 - a + 1. Let p be x(1). Let w = p - z. List the prime factors of w.
5
Suppose -6 = -2*m + 4*x, 2*x = m + 3*x - 3. Let h = m + -1. Suppose 4*l = -5*k - 5, -l - h*k + 30 = -7*k. List the prime factors of l.
5
Let b(f) = -87*f - 16. What are the prime factors of b(-4)?
2, 83
Suppose 612 = 3*a - 375. Suppose -a = -5*k + 381. What are the prime factors of k?
2, 71
Let x be (-45)/(-21) - 11/77. Suppose v + 0*v + 277 = x*g, 0 = -5*g - 5*v + 715. List the prime factors of g.
2, 5, 7
Suppose -4*f = -5*v + 27702, 10*v - 5*f = 13*v - 16599. What are the prime factors of v?
2, 3, 13, 71
Suppose -5*v + 16 = 3*y - 3*v, 4*v = -4*y + 24. Suppose -y*k + 154 = w - 113, -2*w = -6. What are the prime factors of k?
2, 3, 11
Let t(v) = -v**3 - 7*v**2 + 8*v - 9. Let x be t(-8). Let s be (-16)/x + 4/18. Suppose -2*q + 5*l = -43, 3*q - 4*l - 116 = -s*q. List the prime factors of q.
2, 3
Let q(n) = -n**3 - 22*n**2 + 41*n - 32. What are the prime factors of q(-24)?
2, 17
Suppose -3*l + 5*s + 48 = -2*l, 0 = -4*l - 4*s + 96. Let o = 2 + l. What are the prime factors of o?
2, 3, 5
Let g = -160 + 265. What are the prime factors of g?
3, 5, 7
Suppose 7*c = -2030 + 12593. What are the prime factors of c?
3, 503
Let w be (-1)/(3/1 - 4). Let x be ((-2)/w)/((-1)/2). List the prime factors of (-4)/(-1)*10/x.
2, 5
Suppose 0 = 2*v + r - 13206, 11007 = 5*v + 3*r - 22010. What are the prime factors of v?
7, 23, 41
Suppose 0 = -2*v + 37 - 11. Let h(f) = 3*f - 4. List the prime factors of h(v).
5, 7
Let a = -249 + 586. What are the prime factors of a?
337
Suppose 15 = 3*p - 30. Let s = p - 13. Suppose -68 = -2*l - s*l. List the prime factors of l.
17
Let j = -976 - -1369. What are the prime factors of j?
3, 131
Suppose -4 = 5*p - 29. Suppose -x - 2*i - i + 204 = 0, -p*x = 4*i - 1031. What are the prime factors of x?
3, 23
Let r be ((-78)/(-9))/((-1)/3). Let v be 2/6 + r/6. Let d = v + 11. What are the prime factors of d?
7
Suppose 138*b - 9095 = 133*b. List the prime factors of b.
17, 107
What are the prime factors of (-24)/156 - 6112/(-13)?
2, 5, 47
Suppose 4*j - 121 = -z, -18*z + 17*z = -j - 131. List the prime factors of z.
3, 43
Let n(a) = 8*a + 4. Let d be (49/(-21))/(2/(-6)). Let v be n(d). Let u = v + -27. What are the prime factors of u?
3, 11
Let y be ((-2)/6 - 0)*-21. Suppose p = -y - 6. Let r(j) = -j**2 - 14*j - 3. List the prime factors of r(p).
2, 5
Suppose 0 = 6*c - 7*c - 11. What are the prime factors of ((-2)/(-8))/(c/(-748))?
17
Suppose 4*m = -4*f - f + 22, -6 = -2*m. Let s = 3 + -1. Suppose f*o = 4*u + 6, 2*o - 10 = -s*u + 4*u. List the prime factors of o.
7
Suppose -s + 2*q + 106 = 0, 68 = 4*s - q - 384. Suppose 243 + s = 3*t. Let z = -66 + t. What are the prime factors of z?
53
Let k(s) = 14*s**2 + 68*s + 5. What are the prime factors of k(-9)?
17, 31
Let a(l) = 4*l + 6 - 5*l + 3 + 3. Let y be a(8). Suppose 5*h = 6 + y. What are the prime factors of h?
2
Let f(i) = -2*i**2 - 125*i - 1. List the prime factors of f(-52).
1091
Suppose -10*t + 2253 + 11607 = 0. What are the prime factors of t?
2, 3, 7, 11
Let g(x) = -17*x - 10. Let b = 7 + -13. Let o be g(b). Suppose -5*y = -o + 12. List the prime factors of y.
2
Let z(o) = o - 6. Let t be z(9). Suppose t*q - 35 = 64. List the prime factors of q.
3, 11
Suppose 4*i - 2*i - 106 = 0. Let p = i + -34. What are the prime factors of p?
19
Let a(i) = i**3 - 18*i**2 - 5*i - 34. Let n be a(18). Let l = 42 - n. List the prime factors of l.
2, 83
Suppose -3*f - 927 = -3*w, 0 = -3*f - 14 + 5. Let d = w + -190. What are the prime factors of d?
2, 29
Suppose 2*u - 12 = -0*u. Let o be (-3)/(u/(-4))*2. Suppose o*q - 122 = -i, i = -2*q + 6*i + 72. What are the prime factors of q?
31
Let g(j) = j + 10. Let u be g(-6). Suppose -r = -u*r + 9. Suppose -i - h = -34, 2*i - r*i + 2*h = -28. What are the prime factors of i?
2
Let p(f) = -f + 11. Let o be p(5). Let z(k) be the first derivative of 5*k**2/2 - 6*k - 4. What are the prime factors of z(o)?
2, 3
Let b = 61 - -2547. What are the prime factors of b?
2, 163
L